{"id":16319,"date":"2025-11-23T12:10:22","date_gmt":"2025-11-23T12:10:22","guid":{"rendered":"https:\/\/phasaviet.com\/?page_id=16319"},"modified":"2025-11-23T12:10:27","modified_gmt":"2025-11-23T12:10:27","slug":"%e0%bb%83%e0%ba%ab%e0%bb%89%e0%ba%81%e0%ba%b3%e0%ba%a5%e0%ba%b1%e0%ba%87%e0%bb%83%e0%ba%88","status":"publish","type":"page","link":"https:\/\/phasaviet.com\/?page_id=16319","title":{"rendered":"\u0ec3\u0eab\u0ec9\u0e81\u0eb3\u0ea5\u0eb1\u0e87\u0ec3\u0e88"},"content":{"rendered":"\n<div class=\"wp-block-group is-layout-constrained wp-block-group-is-layout-constrained\" style=\"margin-top:0;margin-bottom:0\"><div class=\"wp-block-group__inner-container\">\n<h3 class=\"wp-block-heading has-text-align-center tw-block-animation tw-animation-fade-in-up\"><strong>\u0eaa\u0eb3\u0ea5\u0eb1\u0e9a\u0e97\u0ec8\u0eb2\u0e99\u0e97\u0eb5\u0ec8\u0ea2\u0eb2\u0e81\u0eaa\u0eb0\u0edc\u0eb1\u0e9a\u0eaa\u0eb0\u0edc\u0eb9\u0e99\u0e9e\u0ea7\u0e81\u0ec0\u0eae\u0ebb\u0eb2<\/strong><\/h3>\n\n\n\n<p class=\"tw-block-animation tw-animation-fade-in-up\">\u0e96\u0ec9\u0eb2\u0e97\u0ec8\u0eb2\u0e99\u0ec0\u0eab\u0eb1\u0e99\u0ea7\u0ec8\u0eb2\u0e9a\u0ebb\u0e94\u0eae\u0ebd\u0e99\u0ec0\u0eab\u0ebc\u0ebb\u0ec8\u0eb2\u0e99\u0eb5\u0ec9\u0ea1\u0eb5\u0e9b\u0eb0\u0ec2\u0eab\u0e8d\u0e94 \u0ec1\u0ea5\u0eb0 \u0e8a\u0ec8\u0ea7\u0e8d\u0ec3\u0eab\u0ec9\u0e97\u0ec8\u0eb2\u0e99\u0ea1\u0eb5\u0e84\u0ea7\u0eb2\u0ea1\u0e81\u0ec9\u0eb2\u0ea7\u0edc\u0ec9\u0eb2\u0e82\u0eb7\u0ec9\u0e99, \u0e97\u0ec8\u0eb2\u0e99\u0eaa\u0eb2\u0ea1\u0eb2\u0e94\u0eaa\u0eb0\u0edc\u0eb1\u0e9a\u0eaa\u0eb0\u0edc\u0eb9\u0e99 \u0ec1\u0ea5\u0eb0 \u0ec3\u0eab\u0ec9\u0e81\u0eb3\u0ea5\u0eb1\u0e87\u0ec3\u0e88\u0e97\u0eb4\u0ea1\u0e87\u0eb2\u0e99\u0e82\u0ead\u0e87\u0e9e\u0ea7\u0e81\u0ec0\u0eae\u0ebb\u0eb2\u0e94\u0ec9\u0ea7\u0e8d\u0e81\u0eb2\u0e99\u0e9b\u0eb0\u0e81\u0ead\u0e9a\u0eaa\u0ec8\u0ea7\u0e99\u0ec0\u0ea5\u0eb1\u0e81\u0ec6\u0e99\u0ec9\u0ead\u0e8d\u0ec6 \u0ead\u0eb2\u0e94\u0e88\u0eb0\u0ec0\u0e9b\u0eb1\u0e99\u0e81\u0eb2\u0ec0\u0e9f\u0e88\u0ead\u0e81\u0edc\u0eb6\u0ec8\u0e87 \u0eab\u0ebc\u0eb7 \u0e9b\u0eb1\u0e94\u0ec3\u0e88\u0ead\u0eb7\u0ec8\u0e99\u0ec6\u0e95\u0eb2\u0ea1\u0e88\u0eb4\u0e94\u0ec3\u0e88\u0eaa\u0eb1\u0e94\u0e97\u0eb2\u0e82\u0ead\u0e87\u0e97\u0ec8\u0eb2\u0e99. \u0e9e\u0ea7\u0e81\u0ec0\u0eae\u0ebb\u0eb2\u0e97\u0eb4\u0ea1\u0e87\u0eb2\u0e99\u0e82\u0ecd\u0e96\u0eb7\u0ea7\u0ec8\u0eb2\u0e99\u0eb5\u0ec9\u0ec1\u0ea1\u0ec8\u0e99\u0e81\u0eb2\u0e99\u0ec3\u0eab\u0ec9\u0e81\u0ecd\u0eb2\u0ea5\u0eb1\u0e87\u0ec3\u0e88\u0e97\u0eb5\u0ec8\u0e88\u0eb4\u0e87\u0ec3\u0e88\u0e97\u0eb5\u0ec8\u0eaa\u0eb8\u0e94\u0e88\u0eb2\u0e81\u0e97\u0eb8\u0e81\u0e97\u0ec8\u0eb2\u0e99!<br>\u0e81\u0eb2\u0e99\u0eaa\u0eb0\u0edc\u0eb1\u0e9a\u0eaa\u0eb0\u0edc\u0eb9\u0e99\u0e82\u0ead\u0e87\u0e97\u0ec8\u0eb2\u0e99\u0e9a\u0ecd\u0ec8\u0e9e\u0ebd\u0e87\u0ec1\u0e95\u0ec8\u0ec0\u0e9b\u0eb1\u0e99\u0e81\u0eb3\u0ea5\u0eb1\u0e87\u0ec3\u0e88\u0eaa\u0ecd\u0eb2\u0ea5\u0eb1\u0e9a\u0e84\u0ea7\u0eb2\u0ea1\u0e9e\u0eb0\u0e8d\u0eb2\u0e8d\u0eb2\u0ea1\u0ec3\u0e99\u0e81\u0eb2\u0e99\u0eae\u0ebd\u0e9a\u0eae\u0ebd\u0e87 \u0ec1\u0ea5\u0eb0 \u0e82\u0ebd\u0e99\u0ec0\u0e97\u0ebb\u0ec8\u0eb2\u0e99\u0eb1\u0ec9\u0e99, \u0ec1\u0e95\u0ec8\u0e8d\u0eb1\u0e87\u0ec0\u0e9b\u0eb1\u0e99\u0e81\u0eb2\u0e99\u0e8a\u0ec8\u0ea7\u0e8d\u0e84\u0ec8\u0eb2\u0ec3\u0e8a\u0ec9\u0e88\u0ec8\u0eb2\u0e8d\u0ec3\u0e99\u0e81\u0eb2\u0e99\u0e9a\u0ecd\u0eb2\u0ea5\u0eb8\u0e87\u0eae\u0eb1\u0e81\u0eaa\u0eb2\u0ec0\u0ea7\u0eb1\u0e9a\u0ec4\u0e8a \u0ec1\u0ea5\u0eb0 \u0e8a\u0eb7\u0ec9\u0ec0\u0ead\u0e81\u0eb0\u0eaa\u0eb2\u0e99\u0ead\u0ec9\u0eb2\u0e87\u0ead\u0eb5\u0e87\u0ead\u0eb7\u0ec8\u0e99\u0ec6\u0ead\u0eb5\u0e81. \u0e9e\u0ea7\u0e81\u0ec0\u0eae\u0ebb\u0eb2\u0e97\u0eb4\u0ea1\u0e87\u0eb2\u0e99\u0e82\u0ecd\u0eae\u0eb1\u0e9a\u0e9b\u0eb0\u0e81\u0eb1\u0e99\u0ea7\u0ec8\u0eb2\u0ec0\u0ea7\u0eb1\u0e9a\u0ec4\u0e8a\u0e97\u0ecc\u0e99\u0eb5\u0ec9\u0e88\u0eb0\u0e96\u0eb7\u0e81\u0eae\u0eb1\u0e81\u0eaa\u0eb2, \u0ead\u0eb1\u0e9a\u0ec0\u0e94\u0e94\u0ea2\u0ec8\u0eb2\u0e87\u0e95\u0ecd\u0ec8\u0ec0\u0e99\u0eb7\u0ec8\u0ead\u0e87\u0e94\u0ec9\u0ea7\u0e8d\u0e9a\u0ebb\u0e94\u0eae\u0ebd\u0e99\u0e9f\u0ea3\u0eb5\u0e97\u0eb5\u0ec8\u0ea1\u0eb5\u0e84\u0eb8\u0e99\u0e99\u0eb0\u0e9e\u0eb2\u0e9a\u0eaa\u0eb9\u0e87\u0eaa\u0ecd\u0eb2\u0ea5\u0eb1\u0e9a\u0e8a\u0eb8\u0ea1\u0e8a\u0ebb\u0e99\u0e9c\u0eb9\u0ec9\u0eae\u0ebd\u0e99\u0e9e\u0eb2\u0eaa\u0eb2\u0eab\u0ea7\u0ebd\u0e94\u0e95\u0eb0\u0eab\u0ebc\u0ead\u0e94\u0ec4\u0e9b. \u0e82\u0ecd\u0e82\u0ead\u0e9a\u0ec3\u0e88!<\/p>\n\n\n\n<div class=\"wp-block-columns is-layout-flex wp-container-core-columns-is-layout-d0b3c9c8 wp-block-columns-is-layout-flex\">\n<div class=\"wp-block-column is-layout-flow wp-block-column-is-layout-flow tw-block-animation tw-animation-fade-in-up\">\n<figure class=\"wp-block-image aligncenter size-large is-style-tw-shadow\"><img loading=\"lazy\" decoding=\"async\" width=\"180\" height=\"180\" src=\"https:\/\/phasaviet.com\/wp-content\/uploads\/2025\/11\/qr-code-bcel-one-phasaviet.svg\" alt=\"\u1ea2nh QR Code Ng\u00e2n h\u00e0ng L\u00e0o\" class=\"wp-image-16294\"\/><figcaption class=\"wp-element-caption\">\u0e9a\u0eb1\u0e99\u0e8a\u0eb5\u0e97\u0eb0\u0e99\u0eb2\u0e84\u0eb2\u0e99\u0e81\u0eb2\u0e99\u0e84\u0ec9\u0eb2\u0ea5\u0eb2\u0ea7 (LAK)<\/figcaption><\/figure>\n<\/div>\n\n\n\n<div class=\"wp-block-column is-layout-flow wp-block-column-is-layout-flow tw-block-animation tw-animation-fade-in-up\">\n<figure class=\"wp-block-image aligncenter size-full is-style-tw-shadow\"><img loading=\"lazy\" decoding=\"async\" width=\"180\" height=\"180\" src=\"https:\/\/phasaviet.com\/wp-content\/uploads\/2025\/11\/qr-code-ngan-hang-pvbank-phasaviet.png\" alt=\"\u1ea3nh qr code ng\u00e2n h\u00e0ng PVbank\" class=\"wp-image-16297\" srcset=\"https:\/\/phasaviet.com\/wp-content\/uploads\/2025\/11\/qr-code-ngan-hang-pvbank-phasaviet.png 180w, https:\/\/phasaviet.com\/wp-content\/uploads\/2025\/11\/qr-code-ngan-hang-pvbank-phasaviet-150x150.png 150w\" sizes=\"auto, (max-width: 180px) 100vw, 180px\" \/><figcaption class=\"wp-element-caption\">\u0e9a\u0eb1\u0e99\u0e8a\u0eb5\u0e97\u0eb0\u0e99\u0eb2\u0e84\u0eb2\u0e99\u0eab\u0ea7\u0ebd\u0e94\u0e99\u0eb2\u0ea1 (VN\u0110)<\/figcaption><\/figure>\n<\/div>\n<\/div>\n<\/div><\/div>\n","protected":false},"excerpt":{"rendered":"<p>\u0eaa\u0eb3\u0ea5\u0eb1\u0e9a\u0e97\u0ec8\u0eb2\u0e99\u0e97\u0eb5\u0ec8\u0ea2\u0eb2\u0e81\u0eaa\u0eb0\u0edc\u0eb1\u0e9a\u0eaa\u0eb0\u0edc\u0eb9\u0e99\u0e9e\u0ea7\u0e81\u0ec0\u0eae\u0ebb\u0eb2 \u0e96\u0ec9\u0eb2\u0e97\u0ec8\u0eb2\u0e99\u0ec0\u0eab\u0eb1\u0e99\u0ea7\u0ec8\u0eb2\u0e9a\u0ebb\u0e94\u0eae\u0ebd\u0e99\u0ec0\u0eab\u0ebc\u0ebb\u0ec8\u0eb2\u0e99\u0eb5\u0ec9\u0ea1\u0eb5\u0e9b\u0eb0\u0ec2\u0eab\u0e8d\u0e94 \u0ec1\u0ea5\u0eb0 \u0e8a\u0ec8\u0ea7\u0e8d\u0ec3\u0eab\u0ec9\u0e97\u0ec8\u0eb2\u0e99\u0ea1\u0eb5\u0e84\u0ea7\u0eb2\u0ea1\u0e81\u0ec9\u0eb2\u0ea7\u0edc\u0ec9\u0eb2\u0e82\u0eb7\u0ec9\u0e99, \u0e97\u0ec8\u0eb2\u0e99\u0eaa\u0eb2\u0ea1\u0eb2\u0e94\u0eaa\u0eb0\u0edc\u0eb1\u0e9a\u0eaa\u0eb0\u0edc\u0eb9\u0e99 \u0ec1\u0ea5\u0eb0 \u0ec3\u0eab\u0ec9\u0e81\u0eb3\u0ea5\u0eb1\u0e87\u0ec3\u0e88\u0e97\u0eb4\u0ea1\u0e87\u0eb2\u0e99\u0e82\u0ead\u0e87\u0e9e\u0ea7\u0e81\u0ec0\u0eae\u0ebb\u0eb2\u0e94\u0ec9\u0ea7\u0e8d\u0e81\u0eb2\u0e99\u0e9b\u0eb0\u0e81\u0ead\u0e9a\u0eaa\u0ec8\u0ea7\u0e99\u0ec0\u0ea5\u0eb1\u0e81\u0ec6\u0e99\u0ec9\u0ead\u0e8d\u0ec6 \u0ead\u0eb2\u0e94\u0e88\u0eb0\u0ec0\u0e9b\u0eb1\u0e99\u0e81\u0eb2\u0ec0\u0e9f\u0e88\u0ead\u0e81\u0edc\u0eb6\u0ec8\u0e87 \u0eab\u0ebc\u0eb7 \u0e9b\u0eb1\u0e94\u0ec3\u0e88\u0ead\u0eb7\u0ec8\u0e99\u0ec6\u0e95\u0eb2\u0ea1\u0e88\u0eb4\u0e94\u0ec3\u0e88\u0eaa\u0eb1\u0e94\u0e97\u0eb2\u0e82\u0ead\u0e87\u0e97\u0ec8\u0eb2\u0e99. \u0e9e\u0ea7\u0e81\u0ec0\u0eae\u0ebb\u0eb2\u0e97\u0eb4\u0ea1\u0e87\u0eb2\u0e99\u0e82\u0ecd\u0e96\u0eb7\u0ea7\u0ec8\u0eb2\u0e99\u0eb5\u0ec9\u0ec1\u0ea1\u0ec8\u0e99\u0e81\u0eb2\u0e99\u0ec3\u0eab\u0ec9\u0e81\u0ecd\u0eb2\u0ea5\u0eb1\u0e87\u0ec3\u0e88\u0e97\u0eb5\u0ec8\u0e88\u0eb4\u0e87\u0ec3\u0e88\u0e97\u0eb5\u0ec8\u0eaa\u0eb8\u0e94\u0e88\u0eb2\u0e81\u0e97\u0eb8\u0e81\u0e97\u0ec8\u0eb2\u0e99!\u0e81\u0eb2\u0e99\u0eaa\u0eb0\u0edc\u0eb1\u0e9a\u0eaa\u0eb0\u0edc\u0eb9\u0e99\u0e82\u0ead\u0e87\u0e97\u0ec8\u0eb2\u0e99\u0e9a\u0ecd\u0ec8\u0e9e\u0ebd\u0e87\u0ec1\u0e95\u0ec8\u0ec0\u0e9b\u0eb1\u0e99\u0e81\u0eb3\u0ea5\u0eb1\u0e87\u0ec3\u0e88\u0eaa\u0ecd\u0eb2\u0ea5\u0eb1\u0e9a\u0e84\u0ea7\u0eb2\u0ea1\u0e9e\u0eb0\u0e8d\u0eb2\u0e8d\u0eb2\u0ea1\u0ec3\u0e99\u0e81\u0eb2\u0e99\u0eae\u0ebd\u0e9a\u0eae\u0ebd\u0e87 \u0ec1\u0ea5\u0eb0 \u0e82\u0ebd\u0e99\u0ec0\u0e97\u0ebb\u0ec8\u0eb2\u0e99\u0eb1\u0ec9\u0e99, \u0ec1\u0e95\u0ec8\u0e8d\u0eb1\u0e87\u0ec0\u0e9b\u0eb1\u0e99\u0e81\u0eb2\u0e99\u0e8a\u0ec8\u0ea7\u0e8d\u0e84\u0ec8\u0eb2\u0ec3\u0e8a\u0ec9\u0e88\u0ec8\u0eb2\u0e8d\u0ec3\u0e99\u0e81\u0eb2\u0e99\u0e9a\u0ecd\u0eb2\u0ea5\u0eb8\u0e87\u0eae\u0eb1\u0e81\u0eaa\u0eb2\u0ec0\u0ea7\u0eb1\u0e9a\u0ec4\u0e8a \u0ec1\u0ea5\u0eb0 \u0e8a\u0eb7\u0ec9\u0ec0\u0ead\u0e81\u0eb0\u0eaa\u0eb2\u0e99\u0ead\u0ec9\u0eb2\u0e87\u0ead\u0eb5\u0e87\u0ead\u0eb7\u0ec8\u0e99\u0ec6\u0ead\u0eb5\u0e81. \u0e9e\u0ea7\u0e81\u0ec0\u0eae\u0ebb\u0eb2\u0e97\u0eb4\u0ea1\u0e87\u0eb2\u0e99\u0e82\u0ecd\u0eae\u0eb1\u0e9a\u0e9b\u0eb0\u0e81\u0eb1\u0e99\u0ea7\u0ec8\u0eb2\u0ec0\u0ea7\u0eb1\u0e9a\u0ec4\u0e8a\u0e97\u0ecc\u0e99\u0eb5\u0ec9\u0e88\u0eb0\u0e96\u0eb7\u0e81\u0eae\u0eb1\u0e81\u0eaa\u0eb2, \u0ead\u0eb1\u0e9a\u0ec0\u0e94\u0e94\u0ea2\u0ec8\u0eb2\u0e87\u0e95\u0ecd\u0ec8\u0ec0\u0e99\u0eb7\u0ec8\u0ead\u0e87\u0e94\u0ec9\u0ea7\u0e8d\u0e9a\u0ebb\u0e94\u0eae\u0ebd\u0e99\u0e9f\u0ea3\u0eb5\u0e97\u0eb5\u0ec8\u0ea1\u0eb5\u0e84\u0eb8\u0e99\u0e99\u0eb0\u0e9e\u0eb2\u0e9a\u0eaa\u0eb9\u0e87\u0eaa\u0ecd\u0eb2\u0ea5\u0eb1\u0e9a\u0e8a\u0eb8\u0ea1\u0e8a\u0ebb\u0e99\u0e9c\u0eb9\u0ec9\u0eae\u0ebd\u0e99\u0e9e\u0eb2\u0eaa\u0eb2\u0eab\u0ea7\u0ebd\u0e94\u0e95\u0eb0\u0eab\u0ebc\u0ead\u0e94\u0ec4\u0e9b. \u0e82\u0ecd\u0e82\u0ead\u0e9a\u0ec3\u0e88!<\/p>\n","protected":false},"author":1,"featured_media":0,"parent":0,"menu_order":0,"comment_status":"closed","ping_status":"closed","template":"","meta":{"inline_featured_image":false,"_uag_custom_page_level_css":"","site-sidebar-layout":"default","site-content-layout":"","ast-site-content-layout":"default","site-content-style":"default","site-sidebar-style":"default","ast-global-header-display":"","ast-banner-title-visibility":"","ast-main-header-display":"","ast-hfb-above-header-display":"","ast-hfb-below-header-display":"","ast-hfb-mobile-header-display":"","site-post-title":"disabled","ast-breadcrumbs-content":"","ast-featured-img":"","footer-sml-layout":"","ast-disable-related-posts":"","theme-transparent-header-meta":"","adv-header-id-meta":"","stick-header-meta":"","header-above-stick-meta":"","header-main-stick-meta":"","header-below-stick-meta":"","astra-migrate-meta-layouts":"set","ast-page-background-enabled":"default","ast-page-background-meta":{"desktop":{"background-color":"var(--ast-global-color-4)","background-image":"","background-repeat":"repeat","background-position":"center center","background-size":"auto","background-attachment":"scroll","background-type":"","background-media":"","overlay-type":"","overlay-color":"","overlay-opacity":"","overlay-gradient":""},"tablet":{"background-color":"","background-image":"","background-repeat":"repeat","background-position":"center center","background-size":"auto","background-attachment":"scroll","background-type":"","background-media":"","overlay-type":"","overlay-color":"","overlay-opacity":"","overlay-gradient":""},"mobile":{"background-color":"","background-image":"","background-repeat":"repeat","background-position":"center center","background-size":"auto","background-attachment":"scroll","background-type":"","background-media":"","overlay-type":"","overlay-color":"","overlay-opacity":"","overlay-gradient":""}},"ast-content-background-meta":{"desktop":{"background-color":"var(--ast-global-color-5)","background-image":"","background-repeat":"repeat","background-position":"center center","background-size":"auto","background-attachment":"scroll","background-type":"","background-media":"","overlay-type":"","overlay-color":"","overlay-opacity":"","overlay-gradient":""},"tablet":{"background-color":"var(--ast-global-color-5)","background-image":"","background-repeat":"repeat","background-position":"center center","background-size":"auto","background-attachment":"scroll","background-type":"","background-media":"","overlay-type":"","overlay-color":"","overlay-opacity":"","overlay-gradient":""},"mobile":{"background-color":"var(--ast-global-color-5)","background-image":"","background-repeat":"repeat","background-position":"center center","background-size":"auto","background-attachment":"scroll","background-type":"","background-media":"","overlay-type":"","overlay-color":"","overlay-opacity":"","overlay-gradient":""}},"footnotes":""},"class_list":["post-16319","page","type-page","status-publish","hentry"],"uagb_featured_image_src":{"full":false,"thumbnail":false,"medium":false,"medium_large":false,"large":false,"1536x1536":false,"2048x2048":false},"uagb_author_info":{"display_name":"adphasaviet","author_link":"https:\/\/phasaviet.com\/author\/adphasaviet"},"uagb_comment_info":0,"uagb_excerpt":"\u0eaa\u0eb3\u0ea5\u0eb1\u0e9a\u0e97\u0ec8\u0eb2\u0e99\u0e97\u0eb5\u0ec8\u0ea2\u0eb2\u0e81\u0eaa\u0eb0\u0edc\u0eb1\u0e9a\u0eaa\u0eb0\u0edc\u0eb9\u0e99\u0e9e\u0ea7\u0e81\u0ec0\u0eae\u0ebb\u0eb2 \u0e96\u0ec9\u0eb2\u0e97\u0ec8\u0eb2\u0e99\u0ec0\u0eab\u0eb1\u0e99\u0ea7\u0ec8\u0eb2\u0e9a\u0ebb\u0e94\u0eae\u0ebd\u0e99\u0ec0\u0eab\u0ebc\u0ebb\u0ec8\u0eb2\u0e99\u0eb5\u0ec9\u0ea1\u0eb5\u0e9b\u0eb0\u0ec2\u0eab\u0e8d\u0e94 \u0ec1\u0ea5\u0eb0 \u0e8a\u0ec8\u0ea7\u0e8d\u0ec3\u0eab\u0ec9\u0e97\u0ec8\u0eb2\u0e99\u0ea1\u0eb5\u0e84\u0ea7\u0eb2\u0ea1\u0e81\u0ec9\u0eb2\u0ea7\u0edc\u0ec9\u0eb2\u0e82\u0eb7\u0ec9\u0e99, \u0e97\u0ec8\u0eb2\u0e99\u0eaa\u0eb2\u0ea1\u0eb2\u0e94\u0eaa\u0eb0\u0edc\u0eb1\u0e9a\u0eaa\u0eb0\u0edc\u0eb9\u0e99 \u0ec1\u0ea5\u0eb0 \u0ec3\u0eab\u0ec9\u0e81\u0eb3\u0ea5\u0eb1\u0e87\u0ec3\u0e88\u0e97\u0eb4\u0ea1\u0e87\u0eb2\u0e99\u0e82\u0ead\u0e87\u0e9e\u0ea7\u0e81\u0ec0\u0eae\u0ebb\u0eb2\u0e94\u0ec9\u0ea7\u0e8d\u0e81\u0eb2\u0e99\u0e9b\u0eb0\u0e81\u0ead\u0e9a\u0eaa\u0ec8\u0ea7\u0e99\u0ec0\u0ea5\u0eb1\u0e81\u0ec6\u0e99\u0ec9\u0ead\u0e8d\u0ec6 \u0ead\u0eb2\u0e94\u0e88\u0eb0\u0ec0\u0e9b\u0eb1\u0e99\u0e81\u0eb2\u0ec0\u0e9f\u0e88\u0ead\u0e81\u0edc\u0eb6\u0ec8\u0e87 \u0eab\u0ebc\u0eb7 \u0e9b\u0eb1\u0e94\u0ec3\u0e88\u0ead\u0eb7\u0ec8\u0e99\u0ec6\u0e95\u0eb2\u0ea1\u0e88\u0eb4\u0e94\u0ec3\u0e88\u0eaa\u0eb1\u0e94\u0e97\u0eb2\u0e82\u0ead\u0e87\u0e97\u0ec8\u0eb2\u0e99. \u0e9e\u0ea7\u0e81\u0ec0\u0eae\u0ebb\u0eb2\u0e97\u0eb4\u0ea1\u0e87\u0eb2\u0e99\u0e82\u0ecd\u0e96\u0eb7\u0ea7\u0ec8\u0eb2\u0e99\u0eb5\u0ec9\u0ec1\u0ea1\u0ec8\u0e99\u0e81\u0eb2\u0e99\u0ec3\u0eab\u0ec9\u0e81\u0ecd\u0eb2\u0ea5\u0eb1\u0e87\u0ec3\u0e88\u0e97\u0eb5\u0ec8\u0e88\u0eb4\u0e87\u0ec3\u0e88\u0e97\u0eb5\u0ec8\u0eaa\u0eb8\u0e94\u0e88\u0eb2\u0e81\u0e97\u0eb8\u0e81\u0e97\u0ec8\u0eb2\u0e99!\u0e81\u0eb2\u0e99\u0eaa\u0eb0\u0edc\u0eb1\u0e9a\u0eaa\u0eb0\u0edc\u0eb9\u0e99\u0e82\u0ead\u0e87\u0e97\u0ec8\u0eb2\u0e99\u0e9a\u0ecd\u0ec8\u0e9e\u0ebd\u0e87\u0ec1\u0e95\u0ec8\u0ec0\u0e9b\u0eb1\u0e99\u0e81\u0eb3\u0ea5\u0eb1\u0e87\u0ec3\u0e88\u0eaa\u0ecd\u0eb2\u0ea5\u0eb1\u0e9a\u0e84\u0ea7\u0eb2\u0ea1\u0e9e\u0eb0\u0e8d\u0eb2\u0e8d\u0eb2\u0ea1\u0ec3\u0e99\u0e81\u0eb2\u0e99\u0eae\u0ebd\u0e9a\u0eae\u0ebd\u0e87 \u0ec1\u0ea5\u0eb0 \u0e82\u0ebd\u0e99\u0ec0\u0e97\u0ebb\u0ec8\u0eb2\u0e99\u0eb1\u0ec9\u0e99, \u0ec1\u0e95\u0ec8\u0e8d\u0eb1\u0e87\u0ec0\u0e9b\u0eb1\u0e99\u0e81\u0eb2\u0e99\u0e8a\u0ec8\u0ea7\u0e8d\u0e84\u0ec8\u0eb2\u0ec3\u0e8a\u0ec9\u0e88\u0ec8\u0eb2\u0e8d\u0ec3\u0e99\u0e81\u0eb2\u0e99\u0e9a\u0ecd\u0eb2\u0ea5\u0eb8\u0e87\u0eae\u0eb1\u0e81\u0eaa\u0eb2\u0ec0\u0ea7\u0eb1\u0e9a\u0ec4\u0e8a \u0ec1\u0ea5\u0eb0 \u0e8a\u0eb7\u0ec9\u0ec0\u0ead\u0e81\u0eb0\u0eaa\u0eb2\u0e99\u0ead\u0ec9\u0eb2\u0e87\u0ead\u0eb5\u0e87\u0ead\u0eb7\u0ec8\u0e99\u0ec6\u0ead\u0eb5\u0e81. \u0e9e\u0ea7\u0e81\u0ec0\u0eae\u0ebb\u0eb2\u0e97\u0eb4\u0ea1\u0e87\u0eb2\u0e99\u0e82\u0ecd\u0eae\u0eb1\u0e9a\u0e9b\u0eb0\u0e81\u0eb1\u0e99\u0ea7\u0ec8\u0eb2\u0ec0\u0ea7\u0eb1\u0e9a\u0ec4\u0e8a\u0e97\u0ecc\u0e99\u0eb5\u0ec9\u0e88\u0eb0\u0e96\u0eb7\u0e81\u0eae\u0eb1\u0e81\u0eaa\u0eb2, \u0ead\u0eb1\u0e9a\u0ec0\u0e94\u0e94\u0ea2\u0ec8\u0eb2\u0e87\u0e95\u0ecd\u0ec8\u0ec0\u0e99\u0eb7\u0ec8\u0ead\u0e87\u0e94\u0ec9\u0ea7\u0e8d\u0e9a\u0ebb\u0e94\u0eae\u0ebd\u0e99\u0e9f\u0ea3\u0eb5\u0e97\u0eb5\u0ec8\u0ea1\u0eb5\u0e84\u0eb8\u0e99\u0e99\u0eb0\u0e9e\u0eb2\u0e9a\u0eaa\u0eb9\u0e87\u0eaa\u0ecd\u0eb2\u0ea5\u0eb1\u0e9a\u0e8a\u0eb8\u0ea1\u0e8a\u0ebb\u0e99\u0e9c\u0eb9\u0ec9\u0eae\u0ebd\u0e99\u0e9e\u0eb2\u0eaa\u0eb2\u0eab\u0ea7\u0ebd\u0e94\u0e95\u0eb0\u0eab\u0ebc\u0ead\u0e94\u0ec4\u0e9b. \u0e82\u0ecd\u0e82\u0ead\u0e9a\u0ec3\u0e88!","_links":{"self":[{"href":"https:\/\/phasaviet.com\/index.php?rest_route=\/wp\/v2\/pages\/16319","targetHints":{"allow":["GET"]}}],"collection":[{"href":"https:\/\/phasaviet.com\/index.php?rest_route=\/wp\/v2\/pages"}],"about":[{"href":"https:\/\/phasaviet.com\/index.php?rest_route=\/wp\/v2\/types\/page"}],"author":[{"embeddable":true,"href":"https:\/\/phasaviet.com\/index.php?rest_route=\/wp\/v2\/users\/1"}],"replies":[{"embeddable":true,"href":"https:\/\/phasaviet.com\/index.php?rest_route=%2Fwp%2Fv2%2Fcomments&post=16319"}],"version-history":[{"count":5,"href":"https:\/\/phasaviet.com\/index.php?rest_route=\/wp\/v2\/pages\/16319\/revisions"}],"predecessor-version":[{"id":16324,"href":"https:\/\/phasaviet.com\/index.php?rest_route=\/wp\/v2\/pages\/16319\/revisions\/16324"}],"wp:attachment":[{"href":"https:\/\/phasaviet.com\/index.php?rest_route=%2Fwp%2Fv2%2Fmedia&parent=16319"}],"curies":[{"name":"wp","href":"https:\/\/api.w.org\/{rel}","templated":true}]}}