{"id":9363,"date":"2024-04-30T14:11:26","date_gmt":"2024-04-30T14:11:26","guid":{"rendered":"https:\/\/phasaviet.com\/?page_id=9363"},"modified":"2025-09-16T03:43:26","modified_gmt":"2025-09-16T03:43:26","slug":"%e0%ba%aa%e0%ba%b0%e0%bb%9d%e0%ba%b1%e0%ba%81-%e0%ba%ae%e0%ba%bd%e0%ba%99","status":"publish","type":"page","link":"https:\/\/phasaviet.com\/?page_id=9363","title":{"rendered":"\u0eaa\u0eb0\u0edd\u0eb1\u0e81\u0eae\u0ebd\u0e99"},"content":{"rendered":"\n<p>\u0eaa\u0eb0\u0e9a\u0eb2\u0e8d\u0e94\u0eb5! \u0e9e\u0ea7\u0e81\u0ec0\u0eae\u0ebb\u0eb2\u0ea1\u0eb5\u0e82\u0ec8\u0eb2\u0ea7\u0e94\u0eb5!!! **\u0ec0\u0e9b\u0eb5\u0e94\u0eab\u0ec9\u0ead\u0e87\u0eae\u0ebd\u0e99\u0e9e\u0eb2\u0eaa\u0eb2\u0eab\u0ea7\u0ebd\u0e94 &#8211; \u0ea5\u0eb0\u0e94\u0eb1\u0e9a\u0e9e\u0eb7\u0ec9\u0e99\u0e96\u0eb2\u0e99**<\/p>\n\n\n\n<p>** \u0eae\u0ebd\u0e99\u0ead\u0ead\u0e99\u0ea5\u0eb2\u0e8d\u0e9c\u0ec8\u0eb2\u0e99 Google Meet<\/p>\n\n\n\n<p>1. **\u0eae\u0ebd\u0e99 5 \u0e8a\u0ebb\u0ec8\u0ea7\u0ec2\u0ea1\u0e87\u0e95\u0ecd\u0ec8\u0ead\u0eb2\u0e97\u0eb4\u0e94<\/p>\n\n\n\n<p>2. **\u0e84\u0ec8\u0eb2\u0eae\u0ebd\u0e99: \u0e9e\u0ebd\u0e87 300.000 \u0e81\u0eb5\u0e9a\/\u0e84\u0ebb\u0e99\/\u0ec0\u0e94\u0eb7\u0ead\u0e99<\/p>\n\n\n\n<p>3. **\u0eae\u0eb1\u0e9a\u0e88\u0eb3\u0e99\u0ea7\u0e99\u0e88\u0eb3\u0e81\u0eb1\u0e94 10 \u0e84\u0ebb\u0e99\/\u0eab\u0ec9\u0ead\u0e87 \u0ec0\u0e97\u0ebb\u0ec8\u0eb2\u0e99\u0eb1\u0ec9\u0e99.<\/p>\n\n\n\n<p>4. **\u0eaa\u0ebb\u0e99\u0ec3\u0e88\u0eae\u0ebd\u0e99\u0e95\u0eb4\u0e94\u0e95\u0ecd\u0ec8\u0ec4\u0e94\u0ec9\u0e97\u0eb5\u0ec8\u0ec0\u0e9a\u0eb5\u0ec2\u0e97: 02096818437.<\/p>\n\n\n\n<p>\u0ea7\u0eb1\u0e99\u0e97\u0eb5 08\/07\/2024 \u0ec0\u0ea5\u0eb5\u0ec8\u0ea1\u0eae\u0ebd\u0e99!<\/p>\n\n\n\n<div class=\"wp-block-uagb-advanced-heading uagb-block-cd2c56d4\"><h2 class=\"uagb-heading-text\"><strong>\u0ec1\u0e9a\u0e9a\u0e9f\u0ead\u0ea1\u0ea5\u0ebb\u0e87\u0e97\u0eb0\u0e9a\u0ebd\u0e99<\/strong><\/h2><p class=\"uagb-desc-text\">\u0e82\u0ecd\u0ec9\u0ea1\u0eb9\u0e99\u0ea5\u0ebb\u0e87\u0e97\u0eb0\u0e9a\u0ebd\u0e99\u0e82\u0ead\u0e87\u0e97\u0ec8\u0eb2\u0e99\u0e88\u0eb0\u0e96\u0eb7\u0e81\u0eaa\u0ebb\u0ec8\u0e87\u0eab\u0eb2\u0ec0\u0eae\u0ebb\u0eb2\u0ec2\u0e94\u0e8d\u0ead\u0eb1\u0e94\u0e95\u0eb0\u0ec2\u0e99\u0ea1\u0eb1\u0e94<\/p><\/div>\n\n\n<div class=\"wpforms-container wpforms-container-full\" id=\"wpforms-9359\"><form id=\"wpforms-form-9359\" class=\"wpforms-validate wpforms-form wpforms-ajax-form\" data-formid=\"9359\" method=\"post\" enctype=\"multipart\/form-data\" action=\"\/index.php?rest_route=%2Fwp%2Fv2%2Fpages%2F9363\" data-token=\"50b325712257d503d7f7818b3002c941\" data-token-time=\"1778328910\"><noscript class=\"wpforms-error-noscript\">Vui l\u00f2ng b\u1eadt JavaScript trong tr\u00ecnh duy\u1ec7t c\u1ee7a b\u1ea1n \u0111\u1ec3 ho\u00e0n th\u00e0nh Form n\u00e0y.<\/noscript><div class=\"wpforms-field-container\"><div id=\"wpforms-9359-field_1-container\" class=\"wpforms-field wpforms-field-text\" data-field-id=\"1\"><label class=\"wpforms-field-label\" for=\"wpforms-9359-field_1\">\u0e8a\u0eb7\u0ec8 \u0ec1\u0ea5\u0eb0\u0e99\u0eb2\u0ea1\u0eaa\u0eb0\u0e81\u0eb8\u0e99 \u0ec0\u0e9b\u0eb1\u0e99\u0e9e\u0eb2\u0eaa\u0eb2\u0ea5\u0eb2\u0ea7 <span class=\"wpforms-required-label\">*<\/span><\/label><input type=\"text\" id=\"wpforms-9359-field_1\" class=\"wpforms-field-medium wpforms-field-required\" name=\"wpforms[fields][1]\" placeholder=\"\u0e95\u0ebb\u0ea7\u0ea2\u0ec8\u0eb2\u0e87: \u0e99. \u0ec1\u0eaa\u0e87 \u0e9a\u0eb8\u0e99\u0ea1\u0eb5\u0ec4\u0e8a\" required><\/div><div id=\"wpforms-9359-field_3-container\" class=\"wpforms-field wpforms-field-text\" data-field-id=\"3\"><label class=\"wpforms-field-label\" for=\"wpforms-9359-field_3\">\u0ea7\u0eb1\u0e99\u0ec0\u0e94\u0eb7\u0ead\u0e99\u0e9b\u0eb5\u0ec0\u0e81\u0eb5\u0e94 <span class=\"wpforms-required-label\">*<\/span><\/label><input type=\"text\" id=\"wpforms-9359-field_3\" class=\"wpforms-field-medium wpforms-field-required\" name=\"wpforms[fields][3]\" placeholder=\"\u0e95\u0ebb\u0ea7\u0ea2\u0ec8\u0eb2\u0e87: 20 \u0e97\u0eb1\u0e99\u0ea7\u0eb2 1999\" required><\/div><div id=\"wpforms-9359-field_4-container\" class=\"wpforms-field wpforms-field-checkbox\" data-field-id=\"4\"><label class=\"wpforms-field-label\">\u0ead\u0eb2\u0e8a\u0eb5\u0e9a <span class=\"wpforms-required-label\">*<\/span><\/label><ul id=\"wpforms-9359-field_4\" class=\"wpforms-field-required\"><li class=\"choice-1 depth-1\"><input type=\"checkbox\" id=\"wpforms-9359-field_4_1\" name=\"wpforms[fields][4][]\" value=\"\u0e9e\u0eb0\u0e99\u0eb1\u0e81\u0e87\u0eb2\u0e99\" required ><label class=\"wpforms-field-label-inline\" for=\"wpforms-9359-field_4_1\">\u0e9e\u0eb0\u0e99\u0eb1\u0e81\u0e87\u0eb2\u0e99<\/label><\/li><li class=\"choice-2 depth-1\"><input type=\"checkbox\" id=\"wpforms-9359-field_4_2\" name=\"wpforms[fields][4][]\" value=\"\u0e99\u0eb1\u0e81\u0eae\u0ebd\u0e99\" required ><label class=\"wpforms-field-label-inline\" for=\"wpforms-9359-field_4_2\">\u0e99\u0eb1\u0e81\u0eae\u0ebd\u0e99<\/label><\/li><li class=\"choice-7 depth-1\"><input type=\"checkbox\" id=\"wpforms-9359-field_4_7\" name=\"wpforms[fields][4][]\" value=\"\u0e99\u0eb1\u0e81\u0eaa\u0eb6\u0e81\u0eaa\u0eb2\" required ><label class=\"wpforms-field-label-inline\" for=\"wpforms-9359-field_4_7\">\u0e99\u0eb1\u0e81\u0eaa\u0eb6\u0e81\u0eaa\u0eb2<\/label><\/li><li class=\"choice-3 depth-1\"><input type=\"checkbox\" id=\"wpforms-9359-field_4_3\" name=\"wpforms[fields][4][]\" value=\"\u0e97\u0eb0\u0eab\u0eb2\u0e99\" required ><label class=\"wpforms-field-label-inline\" for=\"wpforms-9359-field_4_3\">\u0e97\u0eb0\u0eab\u0eb2\u0e99<\/label><\/li><li class=\"choice-4 depth-1\"><input type=\"checkbox\" id=\"wpforms-9359-field_4_4\" name=\"wpforms[fields][4][]\" value=\"\u0e95\u0eb3\u0eab\u0ebc\u0ea7\u0e94\" required ><label class=\"wpforms-field-label-inline\" for=\"wpforms-9359-field_4_4\">\u0e95\u0eb3\u0eab\u0ebc\u0ea7\u0e94<\/label><\/li><li class=\"choice-5 depth-1\"><input type=\"checkbox\" id=\"wpforms-9359-field_4_5\" name=\"wpforms[fields][4][]\" value=\"\u0e99\u0eb1\u0e81\u0e97\u0eb8\u0ea5\u0eb0\u0e81\u0eb4\u0e94\" required ><label class=\"wpforms-field-label-inline\" for=\"wpforms-9359-field_4_5\">\u0e99\u0eb1\u0e81\u0e97\u0eb8\u0ea5\u0eb0\u0e81\u0eb4\u0e94<\/label><\/li><li class=\"choice-6 depth-1\"><input type=\"checkbox\" id=\"wpforms-9359-field_4_6\" name=\"wpforms[fields][4][]\" value=\"\u0ead\u0eb7\u0ec8\u0e99\u0ec6\" required ><label class=\"wpforms-field-label-inline\" for=\"wpforms-9359-field_4_6\">\u0ead\u0eb7\u0ec8\u0e99\u0ec6<\/label><\/li><\/ul><\/div><div id=\"wpforms-9359-field_12-container\" class=\"wpforms-field wpforms-field-text\" data-field-id=\"12\"><label class=\"wpforms-field-label\" for=\"wpforms-9359-field_12\">\u0ec0\u0e9a\u0eb5\u0ec2\u0e97\u0ea5\u0eb0\u0eaa\u0eb1\u0e9a <span class=\"wpforms-required-label\">*<\/span><\/label><input type=\"text\" id=\"wpforms-9359-field_12\" class=\"wpforms-field-medium wpforms-field-required\" name=\"wpforms[fields][12]\" required><\/div><div id=\"wpforms-9359-field_13-container\" class=\"wpforms-field wpforms-field-email\" data-field-id=\"13\"><label class=\"wpforms-field-label\" for=\"wpforms-9359-field_13\">Email <span class=\"wpforms-required-label\">*<\/span><\/label><input type=\"email\" id=\"wpforms-9359-field_13\" class=\"wpforms-field-medium wpforms-field-required\" name=\"wpforms[fields][13]\" spellcheck=\"false\" required><\/div><\/div><!-- .wpforms-field-container --><div class=\"wpforms-submit-container\" ><input type=\"hidden\" name=\"wpforms[id]\" value=\"9359\"><input type=\"hidden\" name=\"page_title\" value=\"\"><input type=\"hidden\" name=\"page_url\" value=\"https:\/\/phasaviet.com\/index.php?rest_route=\/wp\/v2\/pages\/9363\"><input type=\"hidden\" name=\"url_referer\" value=\"\"><button type=\"submit\" name=\"wpforms[submit]\" id=\"wpforms-submit-9359\" class=\"wpforms-submit\" data-alt-text=\"\u0e81\u0eb3\u0ea5\u0eb1\u0e87\u0eaa\u0ebb\u0ec8\u0e87...\" data-submit-text=\"\u0ea2\u0eb7\u0e99\u0ea2\u0eb1\u0e99\" aria-live=\"assertive\" value=\"wpforms-submit\">\u0ea2\u0eb7\u0e99\u0ea2\u0eb1\u0e99<\/button><img loading=\"lazy\" decoding=\"async\" src=\"https:\/\/phasaviet.com\/wp-content\/plugins\/wpforms-lite\/assets\/images\/submit-spin.svg\" class=\"wpforms-submit-spinner\" style=\"display: none;\" width=\"26\" height=\"26\" alt=\"\u0110ang t\u1ea3i\"><\/div><\/form><\/div>  <!-- .wpforms-container -->\n\n\n\n<div class=\"wp-block-uagb-advanced-heading uagb-block-84e3c77d\"><h2 class=\"uagb-heading-text\"><strong>\u0e8a\u0ec8\u0ead\u0e87\u0e97\u0eb2\u0e87\u0e81\u0eb2\u0e99\u0e8a\u0eb3\u0ea5\u0eb0<\/strong><\/h2><p class=\"uagb-desc-text\">\u0eab\u0ebc\u0eb1\u0e87\u0e88\u0eb2\u0e81\u0ea5\u0ebb\u0e87\u0e97\u0eb0\u0e9a\u0ebd\u0e99\u0ec1\u0ea5\u0ec9\u0ea7\u0ec6 \u0e97\u0ec8\u0eb2\u0e99\u0eaa\u0eb2\u0ea1\u0eb2\u0e94\u0ec2\u0ead\u0e99\u0e88\u0ec8\u0eb2\u0e8d\u0e84\u0ec8\u0eb2\u0eae\u0ebd\u0e99\u0e95\u0eb2\u0ea1 QRcode \u0e94\u0eb1\u0ec8\u0e87\u0e99\u0eb5\u0ec9<\/p><\/div>\n\n\n\n<figure class=\"wp-block-image aligncenter size-full tw-block-animation tw-animation-fade-in-up\"><img loading=\"lazy\" decoding=\"async\" width=\"504\" height=\"768\" src=\"https:\/\/phasaviet.com\/wp-content\/uploads\/2024\/04\/\u0e8a\u0eb3\u0ea5\u0eb0\u0e84\u0ec8\u0eb2\u0eae\u0ebd\u0e99\u0e9e\u0eb2\u0eaa\u0eb2\u0eab\u0ea7\u0ebd\u0e94-phasaviet.jpeg\" alt=\"\" class=\"wp-image-9368\" srcset=\"https:\/\/phasaviet.com\/wp-content\/uploads\/2024\/04\/\u0e8a\u0eb3\u0ea5\u0eb0\u0e84\u0ec8\u0eb2\u0eae\u0ebd\u0e99\u0e9e\u0eb2\u0eaa\u0eb2\u0eab\u0ea7\u0ebd\u0e94-phasaviet.jpeg 504w, https:\/\/phasaviet.com\/wp-content\/uploads\/2024\/04\/\u0e8a\u0eb3\u0ea5\u0eb0\u0e84\u0ec8\u0eb2\u0eae\u0ebd\u0e99\u0e9e\u0eb2\u0eaa\u0eb2\u0eab\u0ea7\u0ebd\u0e94-phasaviet-197x300.jpeg 197w\" sizes=\"auto, (max-width: 504px) 100vw, 504px\" \/><figcaption class=\"wp-element-caption\">qrcode \u0e8a\u0eb3\u0ea5\u0eb0\u0e84\u0ec8\u0eb2\u0eae\u0ebd\u0e99\u0e9e\u0eb2\u0eaa\u0eb2\u0eab\u0ea7\u0ebd\u0e94\u0ead\u0ead\u0e99\u0ea5\u0eb2\u0e8d<\/figcaption><\/figure>\n","protected":false},"excerpt":{"rendered":"<p>\u0eaa\u0eb0\u0e9a\u0eb2\u0e8d\u0e94\u0eb5! \u0e9e\u0ea7\u0e81\u0ec0\u0eae\u0ebb\u0eb2\u0ea1\u0eb5\u0e82\u0ec8\u0eb2\u0ea7\u0e94\u0eb5!!! **\u0ec0\u0e9b\u0eb5\u0e94\u0eab\u0ec9\u0ead\u0e87\u0eae\u0ebd\u0e99\u0e9e\u0eb2\u0eaa\u0eb2\u0eab\u0ea7\u0ebd\u0e94 &#8211; \u0ea5\u0eb0\u0e94\u0eb1\u0e9a\u0e9e\u0eb7\u0ec9\u0e99\u0e96\u0eb2\u0e99** ** \u0eae\u0ebd\u0e99\u0ead\u0ead\u0e99\u0ea5\u0eb2\u0e8d\u0e9c\u0ec8\u0eb2\u0e99 Google Meet 1. **\u0eae\u0ebd\u0e99 5 \u0e8a\u0ebb\u0ec8\u0ea7\u0ec2\u0ea1\u0e87\u0e95\u0ecd\u0ec8\u0ead\u0eb2\u0e97\u0eb4\u0e94 2. **\u0e84\u0ec8\u0eb2\u0eae\u0ebd\u0e99: \u0e9e\u0ebd\u0e87 300.000 \u0e81\u0eb5\u0e9a\/\u0e84\u0ebb\u0e99\/\u0ec0\u0e94\u0eb7\u0ead\u0e99 3. **\u0eae\u0eb1\u0e9a\u0e88\u0eb3\u0e99\u0ea7\u0e99\u0e88\u0eb3\u0e81\u0eb1\u0e94 [&hellip;]<\/p>\n","protected":false},"author":1,"featured_media":9571,"parent":0,"menu_order":0,"comment_status":"closed","ping_status":"closed","template":"","meta":{"inline_featured_image":false,"_uag_custom_page_level_css":"","site-sidebar-layout":"default","site-content-layout":"","ast-site-content-layout":"default","site-content-style":"default","site-sidebar-style":"default","ast-global-header-display":"","ast-banner-title-visibility":"","ast-main-header-display":"","ast-hfb-above-header-display":"","ast-hfb-below-header-display":"","ast-hfb-mobile-header-display":"","site-post-title":"disabled","ast-breadcrumbs-content":"","ast-featured-img":"disabled","footer-sml-layout":"","ast-disable-related-posts":"","theme-transparent-header-meta":"","adv-header-id-meta":"","stick-header-meta":"","header-above-stick-meta":"","header-main-stick-meta":"","header-below-stick-meta":"","astra-migrate-meta-layouts":"set","ast-page-background-enabled":"default","ast-page-background-meta":{"desktop":{"background-color":"var(--ast-global-color-4)","background-image":"","background-repeat":"repeat","background-position":"center center","background-size":"auto","background-attachment":"scroll","background-type":"","background-media":"","overlay-type":"","overlay-color":"","overlay-opacity":"","overlay-gradient":""},"tablet":{"background-color":"","background-image":"","background-repeat":"repeat","background-position":"center center","background-size":"auto","background-attachment":"scroll","background-type":"","background-media":"","overlay-type":"","overlay-color":"","overlay-opacity":"","overlay-gradient":""},"mobile":{"background-color":"","background-image":"","background-repeat":"repeat","background-position":"center center","background-size":"auto","background-attachment":"scroll","background-type":"","background-media":"","overlay-type":"","overlay-color":"","overlay-opacity":"","overlay-gradient":""}},"ast-content-background-meta":{"desktop":{"background-color":"var(--ast-global-color-5)","background-image":"","background-repeat":"repeat","background-position":"center center","background-size":"auto","background-attachment":"scroll","background-type":"","background-media":"","overlay-type":"","overlay-color":"","overlay-opacity":"","overlay-gradient":""},"tablet":{"background-color":"var(--ast-global-color-5)","background-image":"","background-repeat":"repeat","background-position":"center center","background-size":"auto","background-attachment":"scroll","background-type":"","background-media":"","overlay-type":"","overlay-color":"","overlay-opacity":"","overlay-gradient":""},"mobile":{"background-color":"var(--ast-global-color-5)","background-image":"","background-repeat":"repeat","background-position":"center center","background-size":"auto","background-attachment":"scroll","background-type":"","background-media":"","overlay-type":"","overlay-color":"","overlay-opacity":"","overlay-gradient":""}},"footnotes":""},"class_list":["post-9363","page","type-page","status-publish","has-post-thumbnail","hentry"],"uagb_featured_image_src":{"full":["https:\/\/phasaviet.com\/wp-content\/uploads\/2024\/06\/\u0eae\u0eb1\u0e9a\u0eaa\u0eb0\u0edd\u0eb1\u0e81\u0eae\u0eb1\u0e81\u0eae\u0ebd\u0e99\u0ec3\u0edd\u0ec8-\u0e9e\u0eb2\u0eaa\u0eb2\u0eab\u0ea7\u0ebd\u0e94-\u0ead\u0ead\u0e99\u0ea5\u0eb2\u0e8d.jpg",1200,628,false],"thumbnail":["https:\/\/phasaviet.com\/wp-content\/uploads\/2024\/06\/\u0eae\u0eb1\u0e9a\u0eaa\u0eb0\u0edd\u0eb1\u0e81\u0eae\u0eb1\u0e81\u0eae\u0ebd\u0e99\u0ec3\u0edd\u0ec8-\u0e9e\u0eb2\u0eaa\u0eb2\u0eab\u0ea7\u0ebd\u0e94-\u0ead\u0ead\u0e99\u0ea5\u0eb2\u0e8d-150x150.jpg",150,150,true],"medium":["https:\/\/phasaviet.com\/wp-content\/uploads\/2024\/06\/\u0eae\u0eb1\u0e9a\u0eaa\u0eb0\u0edd\u0eb1\u0e81\u0eae\u0eb1\u0e81\u0eae\u0ebd\u0e99\u0ec3\u0edd\u0ec8-\u0e9e\u0eb2\u0eaa\u0eb2\u0eab\u0ea7\u0ebd\u0e94-\u0ead\u0ead\u0e99\u0ea5\u0eb2\u0e8d-300x157.jpg",300,157,true],"medium_large":["https:\/\/phasaviet.com\/wp-content\/uploads\/2024\/06\/\u0eae\u0eb1\u0e9a\u0eaa\u0eb0\u0edd\u0eb1\u0e81\u0eae\u0eb1\u0e81\u0eae\u0ebd\u0e99\u0ec3\u0edd\u0ec8-\u0e9e\u0eb2\u0eaa\u0eb2\u0eab\u0ea7\u0ebd\u0e94-\u0ead\u0ead\u0e99\u0ea5\u0eb2\u0e8d-768x402.jpg",768,402,true],"large":["https:\/\/phasaviet.com\/wp-content\/uploads\/2024\/06\/\u0eae\u0eb1\u0e9a\u0eaa\u0eb0\u0edd\u0eb1\u0e81\u0eae\u0eb1\u0e81\u0eae\u0ebd\u0e99\u0ec3\u0edd\u0ec8-\u0e9e\u0eb2\u0eaa\u0eb2\u0eab\u0ea7\u0ebd\u0e94-\u0ead\u0ead\u0e99\u0ea5\u0eb2\u0e8d-1024x536.jpg",1024,536,true],"1536x1536":["https:\/\/phasaviet.com\/wp-content\/uploads\/2024\/06\/\u0eae\u0eb1\u0e9a\u0eaa\u0eb0\u0edd\u0eb1\u0e81\u0eae\u0eb1\u0e81\u0eae\u0ebd\u0e99\u0ec3\u0edd\u0ec8-\u0e9e\u0eb2\u0eaa\u0eb2\u0eab\u0ea7\u0ebd\u0e94-\u0ead\u0ead\u0e99\u0ea5\u0eb2\u0e8d.jpg",1200,628,false],"2048x2048":["https:\/\/phasaviet.com\/wp-content\/uploads\/2024\/06\/\u0eae\u0eb1\u0e9a\u0eaa\u0eb0\u0edd\u0eb1\u0e81\u0eae\u0eb1\u0e81\u0eae\u0ebd\u0e99\u0ec3\u0edd\u0ec8-\u0e9e\u0eb2\u0eaa\u0eb2\u0eab\u0ea7\u0ebd\u0e94-\u0ead\u0ead\u0e99\u0ea5\u0eb2\u0e8d.jpg",1200,628,false]},"uagb_author_info":{"display_name":"adphasaviet","author_link":"https:\/\/phasaviet.com\/author\/adphasaviet"},"uagb_comment_info":0,"uagb_excerpt":"\u0eaa\u0eb0\u0e9a\u0eb2\u0e8d\u0e94\u0eb5! \u0e9e\u0ea7\u0e81\u0ec0\u0eae\u0ebb\u0eb2\u0ea1\u0eb5\u0e82\u0ec8\u0eb2\u0ea7\u0e94\u0eb5!!! **\u0ec0\u0e9b\u0eb5\u0e94\u0eab\u0ec9\u0ead\u0e87\u0eae\u0ebd\u0e99\u0e9e\u0eb2\u0eaa\u0eb2\u0eab\u0ea7\u0ebd\u0e94 &#8211; \u0ea5\u0eb0\u0e94\u0eb1\u0e9a\u0e9e\u0eb7\u0ec9\u0e99\u0e96\u0eb2\u0e99** ** \u0eae\u0ebd\u0e99\u0ead\u0ead\u0e99\u0ea5\u0eb2\u0e8d\u0e9c\u0ec8\u0eb2\u0e99 Google Meet 1. **\u0eae\u0ebd\u0e99 5 \u0e8a\u0ebb\u0ec8\u0ea7\u0ec2\u0ea1\u0e87\u0e95\u0ecd\u0ec8\u0ead\u0eb2\u0e97\u0eb4\u0e94 2. **\u0e84\u0ec8\u0eb2\u0eae\u0ebd\u0e99: \u0e9e\u0ebd\u0e87 300.000 \u0e81\u0eb5\u0e9a\/\u0e84\u0ebb\u0e99\/\u0ec0\u0e94\u0eb7\u0ead\u0e99 3. **\u0eae\u0eb1\u0e9a\u0e88\u0eb3\u0e99\u0ea7\u0e99\u0e88\u0eb3\u0e81\u0eb1\u0e94 [&hellip;]","_links":{"self":[{"href":"https:\/\/phasaviet.com\/index.php?rest_route=\/wp\/v2\/pages\/9363","targetHints":{"allow":["GET"]}}],"collection":[{"href":"https:\/\/phasaviet.com\/index.php?rest_route=\/wp\/v2\/pages"}],"about":[{"href":"https:\/\/phasaviet.com\/index.php?rest_route=\/wp\/v2\/types\/page"}],"author":[{"embeddable":true,"href":"https:\/\/phasaviet.com\/index.php?rest_route=\/wp\/v2\/users\/1"}],"replies":[{"embeddable":true,"href":"https:\/\/phasaviet.com\/index.php?rest_route=%2Fwp%2Fv2%2Fcomments&post=9363"}],"version-history":[{"count":36,"href":"https:\/\/phasaviet.com\/index.php?rest_route=\/wp\/v2\/pages\/9363\/revisions"}],"predecessor-version":[{"id":15352,"href":"https:\/\/phasaviet.com\/index.php?rest_route=\/wp\/v2\/pages\/9363\/revisions\/15352"}],"wp:featuredmedia":[{"embeddable":true,"href":"https:\/\/phasaviet.com\/index.php?rest_route=\/wp\/v2\/media\/9571"}],"wp:attachment":[{"href":"https:\/\/phasaviet.com\/index.php?rest_route=%2Fwp%2Fv2%2Fmedia&parent=9363"}],"curies":[{"name":"wp","href":"https:\/\/api.w.org\/{rel}","templated":true}]}}